 15. What are the prime factors of s(-4)?
53, 223
Let b be 80/(-24)*(7/(-5) - 1). Suppose -3*r + 7 = -l, 0 = -l + 4*r - 0 - b. What are the prime factors of l - 26/(-6) - (-251)/3?
2, 3, 7
Suppose 6 = -5*d - 0*d + 3*m, 0 = d - 4*m + 8. Suppose d = 7*j - 417 - 248. List the prime factors of j.
5, 19
Let h(s) = s - 15. Let p be h(18). Suppose -9*n = p*n - 60. Suppose -12*x = -n*x - 1582. What are the prime factors of x?
2, 113
Let a = 2 + -7. Let h(g) = 50*g - 20 + 39*g - 90*g + 6*g**2. List the prime factors of h(a).
3, 5
Let v(y) = -6*y + 24. Let h be v(4). Suppose 11*b - 6*b + 2*a - 1146 = h, 3*b = 5*a + 700. What are the prime factors of b?
2, 5, 23
Let t(d) = -2*d**3 + d**2 - d + 2. Let b(p) = -3*p**3 - 13*p**2 + 33*p + 4. Let r(s) = b(s) - 2*t(s). What are the prime factors of r(14)?
2, 3, 7
Suppose 2 = -7*c + 16. Suppose x + 2*z - 2682 = -3*x, c*x + 5*z = 1361. What are the prime factors of x?
2, 167
What are the prime factors of ((-6305)/(-78)*10 + -13)*3/2?
1193
Let x(j) = j + 4. Let f be x(6). Let o(d) = -d - 3*d + 571 + 11*d - 613. List the prime factors of o(f).
2, 7
Let k(t) be the first derivative of -139*t**2/2 + 2*t - 15. What are the prime factors of k(-1)?
3, 47
Suppose 5*n - 9*n - 40 = -5*u, 5*n + 13 = -3*u. Suppose 0 = 5*x + 4*k - 4309, u*x = k + 797 + 2646. What are the prime factors of x?
3, 7, 41
Suppose 5*z - 1596 = -14*z. Suppose -z*w = -76*w - 3240. List the prime factors of w.
3, 5
Let m be (-130)/(-30) + (-1)/3. Suppose 328 = 3*x - m*c - 215, -162 = -x - 5*c. List the prime factors of 4 + x + -3 + 4.
2, 7, 13
Suppose 0 = -2*k - 2*k + 20. Suppose k*n - 865 - 595 = 0. Suppose 3*a - c + n = 6*a, 0 = -2*a - c + 195. What are the prime factors of a?
97
Suppose -210*x = -3124261 - 763469. List the prime factors of x.
3, 11, 17
Let h(o) = 146*o + 2. Let f be h(2). Suppose -f = a - 345. What are the prime factors of a?
3, 17
Let w be -1*(-1)/(-1) - -6. Suppose -w*c + 24 = j - 31, 20 = 4*j. Suppose 3*x + 630 = c*x. List the prime factors of x.
2, 3, 5
Let w(h) be the third derivative of -h**7/126 - h**6/18 - 31*h**5/60 + 22*h**2. Let a(f) be the third derivative of w(f). What are the prime factors of a(-6)?
2, 5
Let i(k) = 21*k**3 + 5*k**2 + 65*k - 104. What are the prime factors of i(8)?
2, 359
Let x(i) be the third derivative of -i**5/60 + 7*i**4/24 + 7*i**3/3 + 25*i**2. Let w be x(11). Let s = 132 - w. What are the prime factors of s?
2, 3
Let u = -306 - -362. What are the prime factors of 9960/42*u/16?
2, 5, 83
Let w(v) = 3*v + 42. Let d be w(-13). Suppose 4*z + 3*j = 97, -4*j - 35 - 44 = -d*z. What are the prime factors of z?
5
Let b = 3009 - -6862. What are the prime factors of b?
9871
Suppose 0*q - 5*s = -4*q - 99, -5*s - 25 = 0. Let a = q + 297. What are the prime factors of a?
2, 7, 19
Suppose -8*y - 25 = 23. Let m(l) = -6*l**3 - 6*l**2 - 11*l - 10. What are the prime factors of m(y)?
2, 71
What are the prime factors of 40968/(-7)*(-1358)/291?
2, 3, 569
List the prime factors of (6891632/(-2618) + (-2)/(-17))*-21.
2, 3, 37, 83
Let l = 22466 + -325. What are the prime factors of l?
7, 3163
Let p = -134 + 131. List the prime factors of 22640/64 + 4/(16/p).
353
Let h(p) = -191*p - 294. Let c(f) = -1527*f - 2355. Let w(r) = -4*c(r) + 33*h(r). What are the prime factors of w(-8)?
2, 3, 71
Suppose 6*z + 2*r - 51512 = 0, 0 = 11*z - 12*z - 4*r + 8567. List the prime factors of z.
31, 277
Suppose -14341 = -2*r + 10346 + 5111. What are the prime factors of r?
47, 317
Let h = 19786 - 13821. List the prime factors of h.
5, 1193
Let n(d) = -90*d - 42. Let a be n(-9). Let g = a + -169. What are the prime factors of g?
599
Suppose 72*o = 67*o + 2535. List the prime factors of 5 - (-2*(-10)/(-4) - o).
11, 47
Suppose -3*x = -5*m + 267837, -2*m = -5*m + x + 160703. What are the prime factors of (1 - 6)/(-1)*m/180?
2, 3, 31
Let o = 764 - 542. Suppose 2*w + 153 = 43. Let a = o + w. What are the prime factors of a?
167
What are the prime factors of (14/(-6) - -2)/((-7)/6867)?
3, 109
Let r = 11315 - -9148. What are the prime factors of r?
3, 19, 359
Let w(f) = 69*f - 427. List the prime factors of w(29).
2, 787
Let t = 644 - 410. Let f = -41 + t. List the prime factors of f.
193
Let z = -2212 - -9989. List the prime factors of z.
7, 11, 101
Let j(c) = -c**3 + c**2 - 4*c + 131. Let i(h) = 2*h**2 + 1. Let r be i(1). Suppose 4*x = -2*l - 4, 1 = -2*x - 2*l - r. List the prime factors of j(x).
131
Suppose -736*h + 784*h = 135264. List the prime factors of h.
2, 1409
Suppose 46*a - 15*a + 124 = 0. Let y(c) = 59*c**2 + 28*c + 93. What are the prime factors of y(a)?
5, 37
Suppose -o + 9099 = 16*j - 13*j, -5*j = 10. List the prime factors of o.
3, 5, 607
Let g be (1 - 1)/(-7*(-6)/42). Suppose g = k + 3*d - 335, 3*d - 1415 = -4*k + 6*d. List the prime factors of k.
2, 5, 7
Let g = -104 + 29. Let p be (58/3)/(1/(-3)). Let n = p - g. List the prime factors of n.
17
Suppose 0 = -43*i + 50*i - 7553. Suppose -i = -11*v + 5620. What are the prime factors of v?
3, 7, 29
Let c(m) = -28*m - 60. Let b be (21/(882/(-308)))/((-2)/(-6)). What are the prime factors of c(b)?
2, 139
Let n = 1911 - -2926. List the prime factors of n.
7, 691
Let l(k) = 109*k**2 + 3*k - 437. What are the prime factors of l(16)?
5, 5503
Suppose -3*r + 5*r = -4*i + 36, -5*i + 50 = 5*r. Let x be 2/(-6)*(-8 + i). What are the prime factors of 167 + x + -3 + 4 + -4?
2, 41
Suppose -2*n + 3*o + 5 = 0, 47 = 5*n + 2*o + 2*o. Let w(p) = -p**3 + 9*p**2 + 74*p + 20. Let m be w(-6). Suppose -3*i + n*i = m. List the prime factors of i.
29
Let w(g) = -214*g**2 + 25*g - 87. Let k be w(3). Let o = k + 2911. List the prime factors of o.
7, 139
Let r(p) = 2*p**3 + p. Let a(k) = 7*k**3 - 21*k**2 - 36*k + 32. Let i(c) = a(c) - 3*r(c). What are the prime factors of i(23)?
193
Let l be 6/(-4) - (-19)/(-2). Let w be (-254)/(-16) - l/88. Suppose 12*c + 364 = w*c. List the prime factors of c.
7, 13
Suppose h + 0*v - 5*v - 245 = 0, -6 = -2*v. Let d = -187 + h. List the prime factors of d.
73
Let k = 67 - 56. Let c(y) = y**2 - 12*y - 11. Let m be c(k). Let t = 96 + m. What are the prime factors of t?
2, 37
Suppose -22*h + 730 = -12*h. Let n = 285 - h. List the prime factors of n.
2, 53
Let u = -12141 - -20727. List the prime factors of u.
2, 3, 53
Suppose 2*t - 4*f = -0*t - 4, -4*t = f + 44. Let x be (-3572)/t + (-4)/20. Suppose -4*p - 33 = -x. What are the prime factors of p?
3
Let j(a) = 51 + 9*a**2 + 4*a + 62 - 91. What are the prime factors of j(-6)?
2, 7, 23
Suppose 5*m = 2*w + m + 10, -11 = 3*w - 2*m. Let i be 2 + (1 + -6)/(w + 4). Let l(j) = -4*j**3 + 4*j**2 + j - 6. List the prime factors of l(i).
3, 5
Let b(k) = k**2 - 13*k + 22. Let d be b(13). Suppose 5*l - 4*f = -35, 0 = -4*l - 0*f + 2*f - d. Let t(w) = 6*w**2 - 6*w - 8. List the prime factors of t(l).
2
Let k = -34 + 44. Suppose -2*f - 2*f + 27 = 3*a, -5*a + k = -5*f. Suppose 0 = a*q - 4*j - 248, 3*j + 198 = -q + 5*q. What are the prime factors of q?
2, 3
Suppose 4857 = 4*w - 3*p, -2*w - 7*p + 3*p + 2434 = 0. Let y = 2086 - w. List the prime factors of y.
13, 67
Let i = 34 + -26. Suppose -2*z = 5*u - i, -4*z - 7 = -u + z. What are the prime factors of (-3)/(-3) - (u - 82)?
3
Let c(t) = 5*t**2 + 428*t + 13. What are the prime factors of c(-94)?
17, 233
Let n(m) = 15 + 13*m + 8*m + 144*m**2 + 6*m**2 + 0*m - 54. List the prime factors of n(2).
3, 67
Let f(o) = -6*o**2 + 4*o + 7. Let p be f(-6). Let y = p - -583. Suppose -j - 4*r + 60 = 0, -6*r + r - y = -5*j. What are the prime factors of j?
2, 17
Let a(l) = -63*l - 68. Let m(p) = -21*p - 23. Let o be (-23)/7 + (-8)/(-140)*5. Let t(b) = o*a(b) + 8*m(b). What are the prime factors of t(4)?
2, 13
Let g be 3 + 1 + 1 + -62 + 62. Suppose -g*w - 1209 = -5*x + 201, 0 = -x + 5*w + 262. List the prime factors of x.
7, 41
What are the prime factors of (17251/4)/((-246)/8 + 31)?
13, 1327
Let p(m) = m**3 + 26*m**2 + 4*m - 80. Let l be p(-18). Let d = -1440 + l. List the prime factors of d.
2, 5
Suppose 28*n - 285 = 13*n. Suppose 0 = -n*w - 4*w + 6877. List the prime factors of w.
13, 23
Suppose -168*v = -169*v + d + 59539, v - 59535 = -3*d. List the prime factors of v.
2, 3, 9923
Suppose 8*p = -3*p + 4*p. Suppose p = 9*l - 248 - 1201. What are the prime factors of l?
7, 23
Suppose -32*b + 28 = -18*b. Let y(s)